{"id":21,"date":"2013-09-30T10:08:38","date_gmt":"2013-09-30T10:08:38","guid":{"rendered":"http:\/\/www.scia2015.org\/?page_id=21"},"modified":"2014-12-01T15:02:14","modified_gmt":"2014-12-01T15:02:14","slug":"people","status":"publish","type":"page","link":"http:\/\/www.scia2015.org\/?page_id=21","title":{"rendered":"People"},"content":{"rendered":"<p><strong>General chairs<\/strong><\/p>\n<ul>\n<li>Professor Rasmus Larsen, DTU Compute<\/li>\n<li>Professor Mads Nielsen, University of Copenhagen<\/li>\n<li>Associate Professor Dan Witzner Hansen, IT University of Copenhagen<\/li>\n<\/ul>\n<p><strong>Program chairs<\/strong><\/p>\n<ul>\n<li>Associate Professor Rasmus Paulsen, DTU Compute<\/li>\n<li>Associate Professor Kim Steenstrup Pedersen, University of Copenhagen<\/li>\n<\/ul>\n<p><strong>Program Committee<\/strong><\/p>\n<ul>\n<li>Adrien Bartoli, ISIT &#8211; CENTI &#8211; Facult\u00e9 de M\u00e9decine, France<\/li>\n<li>Christoph Busch, Gj\u00f8vik University College, Norway<\/li>\n<li>Michael Felsberg, Linkoping University, Sweden<\/li>\n<li>Luc Florack, Eindhoven University of Technology, The Netherlands<\/li>\n<li>Jon Yngve Hardeberg, Gj\u00f8vik University College, Norway<\/li>\n<li>Janne Heikkil\u00e4, University of Oulu, Finland<\/li>\n<li>Anders Heyden, Lund University, Sweden<\/li>\n<li>Christian Igel, University of Copenhagen, Denmark<\/li>\n<li>Sarang Joshi, University of Utah, USA<\/li>\n<li>Norbert Kr\u00fcger, University of Southern Denmark, Denmark<\/li>\n<li>Joni K\u00e4m\u00e4r\u00e4inen, Tampere University of Technology, Finland<\/li>\n<li>Marco Loog, Delft University of Technology, The Netherlands<\/li>\n<li>Diana Mateus, Technical University Munich, Germany<\/li>\n<li>Thomas Moeslund, Aalborg University, Denmark<\/li>\n<li>Nassir Navab, Technical University Munich, Germany<\/li>\n<li>Erkki Oja, Aalto University, Finland<\/li>\n<li>Daniel Rueckert, Imperial College London, UK<\/li>\n<li>Julia Schnabel, University of Oxford, UK<\/li>\n<li>Joachim Weickert, Saarland University, Germany<\/li>\n<\/ul>\n<p><strong>Organizing Comittee<\/strong><\/p>\n<ul>\n<li>Coordinator <a href=\"mailto:ulje@dtu.dk\">Ulla Jensen<\/a>, DTU Compute<\/li>\n<li>Coordinator Susan Nasirumbi Ipsen,\u00a0\u00a0University of Copenhagen<\/li>\n<li>Hanne Kvalheim, CAP Partner<\/li>\n<\/ul>\n","protected":false},"excerpt":{"rendered":"<p>General chairs Professor Rasmus Larsen, DTU Compute Professor Mads Nielsen, University of Copenhagen Associate Professor Dan Witzner Hansen, IT University of Copenhagen Program chairs Associate Professor Rasmus Paulsen, DTU Compute Associate Professor Kim Steenstrup Pedersen, University of Copenhagen Program Committee Adrien Bartoli, ISIT &#8211; CENTI &#8211; Facult\u00e9 de M\u00e9decine, France Christoph Busch, Gj\u00f8vik University College, [&hellip;]<\/p>\n","protected":false},"author":3,"featured_media":0,"parent":0,"menu_order":2,"comment_status":"closed","ping_status":"closed","template":"","meta":{"footnotes":""},"class_list":["post-21","page","type-page","status-publish","hentry"],"_links":{"self":[{"href":"http:\/\/www.scia2015.org\/index.php?rest_route=\/wp\/v2\/pages\/21","targetHints":{"allow":["GET"]}}],"collection":[{"href":"http:\/\/www.scia2015.org\/index.php?rest_route=\/wp\/v2\/pages"}],"about":[{"href":"http:\/\/www.scia2015.org\/index.php?rest_route=\/wp\/v2\/types\/page"}],"author":[{"embeddable":true,"href":"http:\/\/www.scia2015.org\/index.php?rest_route=\/wp\/v2\/users\/3"}],"replies":[{"embeddable":true,"href":"http:\/\/www.scia2015.org\/index.php?rest_route=%2Fwp%2Fv2%2Fcomments&post=21"}],"version-history":[{"count":11,"href":"http:\/\/www.scia2015.org\/index.php?rest_route=\/wp\/v2\/pages\/21\/revisions"}],"predecessor-version":[{"id":130,"href":"http:\/\/www.scia2015.org\/index.php?rest_route=\/wp\/v2\/pages\/21\/revisions\/130"}],"wp:attachment":[{"href":"http:\/\/www.scia2015.org\/index.php?rest_route=%2Fwp%2Fv2%2Fmedia&parent=21"}],"curies":[{"name":"wp","href":"https:\/\/api.w.org\/{rel}","templated":true}]}}